 base 3, what is 21000 + 11?
21011
In base 13, what is 49 - -4?
50
In base 4, what is 3202 + -10?
3132
In base 2, what is -100110 - 1000?
-101110
In base 3, what is 2 - 20200022?
-20200020
In base 8, what is 62 - 307?
-225
In base 13, what is 262 - 3?
25c
In base 15, what is -1256 - -7?
-124e
In base 5, what is -234 + 2?
-232
In base 5, what is -4 + -2?
-11
In base 16, what is 1e - 1?
1d
In base 13, what is -5 + 59?
54
In base 11, what is 2 + 220?
222
In base 13, what is 0 - -1a?
1a
In base 3, what is -20 - 12121?
-12211
In base 10, what is 4 - -60?
64
In base 9, what is 0 + -2814?
-2814
In base 10, what is 45 + -28?
17
In base 16, what is -2 + 3a?
38
In base 12, what is -5 - -4b0?
4a7
In base 6, what is 3 - -1154?
1201
In base 5, what is -3 - -10204?
10201
In base 16, what is -1e - -fb?
dd
In base 8, what is 1053 + -1?
1052
In base 8, what is -261 + 5?
-254
In base 5, what is 4 - 1030?
-1021
In base 12, what is -a + 620?
612
In base 8, what is -27 - -361?
332
In base 13, what is -1 - 171?
-172
In base 2, what is -1011 - 10011?
-11110
In base 2, what is -10010111111 + -101?
-10011000100
In base 14, what is 0 - -141c?
141c
In base 11, what is 210 - 18?
1a3
In base 14, what is -db2 - 1?
-db3
In base 2, what is 101 - -11100?
100001
In base 11, what is 122 + 16?
138
In base 10, what is -301 - -2?
-299
In base 13, what is -4 - -16a?
166
In base 2, what is -1000100011000 + 100?
-1000100010100
In base 16, what is -41 + -e?
-4f
In base 4, what is -330200 - 1?
-330201
In base 3, what is -1 - -20022202?
20022201
In base 11, what is 2 + 132a?
1331
In base 14, what is 2 + 17c2?
17c4
In base 12, what is -5 - 2a02?
-2a07
In base 8, what is -5 - -63?
56
In base 6, what is 125 + -24?
101
In base 7, what is -1435 + 0?
-1435
In base 7, what is 10 - 64?
-54
In base 14, what is -a - 3ca?
-3d6
In base 13, what is -27 + -1c?
-46
In base 7, what is 4 - -261?
265
In base 8, what is 323 - 4?
317
In base 5, what is 10112 + 3?
10120
In base 8, what is 1146 - -4?
1152
In base 8, what is -5547 - -1?
-5546
In base 4, what is -1332 - -21?
-1311
In base 4, what is -13232 - -2?
-13230
In base 3, what is 1012 + -1?
1011
In base 6, what is 31 + 54?
125
In base 13, what is 0 + 172?
172
In base 6, what is -103225 + -1?
-103230
In base 2, what is 100010101110 + 10?
100010110000
In base 4, what is 101 - 110?
-3
In base 5, what is 404 + -20?
334
In base 16, what is 2 - -24?
26
In base 4, what is -31 + -3302?
-3333
In base 15, what is -17 - 2c?
-44
In base 7, what is -1510 + 3?
-1504
In base 15, what is -31 + 23?
-d
In base 4, what is -2022 + -1?
-2023
In base 2, what is 11100010 - 10?
11100000
In base 3, what is -122 + -2000?
-2122
In base 10, what is -264 - 3?
-267
In base 8, what is 4 + 1304?
1310
In base 6, what is -11 + 1?
-10
In base 7, what is 323 + -6?
314
In base 4, what is -2 - 23200?
-23202
In base 16, what is 176 + -4?
172
In base 12, what is 2771 - -5?
2776
In base 2, what is -1101000 - 11011?
-10000011
In base 5, what is 402 - 13?
334
In base 13, what is 12 - 7?
8
In base 7, what is -4 + 5335?
5331
In base 8, what is -5 + -2504?
-2511
In base 8, what is 3 - 65?
-62
In base 16, what is bf + 5?
c4
In base 14, what is 3 + -220?
-21b
In base 11, what is 11a5 + -2?
11a3
In base 4, what is -31 + -22220?
-22311
In base 14, what is 1d1 - -3?
1d4
In base 10, what is -67 - -8?
-59
In base 4, what is -20 + -210?
-230
In base 6, what is -11 - -45?
34
In base 12, what is -1bb - 92?
-291
In base 8, what is -1 - -1536?
1535
In base 14, what is -24 + 8?
-1a
In base 8, what is -27 + -70?
-117
In base 6, what is -15 - -4?
-11
In base 6, what is -220 - 0?
-220
In base 12, what is 4 + -3?
1
In base 16, what is -2 + 12?
10
In base 7, what is -436 - 10?
-446
In base 8, what is -5 + 1344?
1337
In base 10, what is -777 - 2?
-779
In base 16, what is 10dc - -2?
10de
In base 5, what is -1124 + 21?
-1103
In base 3, what is 1 + -101?
-100
In base 6, what is -414 - 1?
-415
In base 14, what is -39 - 4?
-3d
In base 12, what is -34 - 65?
-99
In base 3, what is 122 + 212?
1111
In base 15, what is -3 - -41?
3d
In base 2, what is 1 + 101000?
101001
In base 16, what is -42 - -2?
-40
In base 15, what is e + -a?
4
In base 14, what is -12c8 + -1?
-12c9
In base 14, what is -16 + 9?
-b
In base 16, what is -5 + -13cf?
-13d4
In base 6, what is 544 - 14?
530
In base 10, what is 4 + 5125?
5129
In base 3, what is -2 + -2121?
-2200
In base 7, what is 4 - -1?
5
In base 12, what is b - 2b?
-20
In base 15, what is -5 + 157?
152
In base 10, what is -2 - -1?
-1
In base 16, what is -1ae - 12?
-1c0
In base 6, what is -2 + 33?
31
In base 15, what is -4 - 7?
-b
In base 13, what is -3 + -25?
-28
In base 8, what is -7 + -210?
-217
In base 10, what is 3 + 57?
60
In base 9, what is -4 + 122?
117
In base 11, what is -3 - -27?
24
In base 13, what is -1230 + -3?
-1233
In base 3, what is -11 - -1202?
1121
In base 4, what is 12 + 3?
21
In base 8, what is 11 + 0?
11
In base 3, what is -112212 + -1?
-112220
In base 10, what is 3 - 28?
-25
In base 16, what is 3e5 + -5?
3e0
In base 6, what is 225 + -3?
222
In base 5, what is 2 - 10241?
-10234
In base 2, what is 11101 - 1010011?
-110110
In base 16, what is 1 - -53?
54
In base 11, what is -8 + -7?
-14
In base 8, what is -1401 + -6?
-1407
In base 9, what is 32 - 3?
28
In base 13, what is 0 + -61c?
-61c
In base 12, what is a - 203?
-1b5
In base 15, what is -22b - -3?
-228
In base 5, what is 42 - 21?
21
In base 5, what is -1 - 10101?
-10102
In base 8, what is 4 - 137?
-133
In base 15, what is 10b + -1?
10a
In base 11, what is -68 + 49?
-1a
In base 2, what is -10001011010001 - 10?
-10001011010011
In base 11, what is 92 + -5?
88
In base 7, what is -611 + -5?
-616
In base 10, what is 25 - -7?
32
In base 8, what is -156 - -5?
-151
In base 6, what is -540 - 0?
-540
In base 12, what is 2 - -35?
37
In base 8, what is 10 + 104?
114
In base 3, what is -220 - -2?
-211
In base 5, what is -1 + 24144?
24143
In base 12, what is b17 + 5?
b20
In base 5, what is -2212 + -10?
-2222
In base 13, what is -4 - -257?
253
In base 10, what is -539 + -3?
-542
In base 3, what is -11 + -1112?
-1200
In base 14, what is 4 - 15?
-11
In base 12, what is 7 - -2?
9
In base 9, what is -14 - -30?
15
In base 11, what is 5 - 1?
4
In base 2, what is 110111010100 + -10?
110111010010
In base 15, what is 3 + -701?
-6ed
In base 3, what is 0 + -1011?
-1011
In base 8, what is -1577 - 2?
-1601
In base 9, what is -5 + -43?
-48
In base 9, what is 21 + 207?
228
In base 4, what is -303100 + 0?
-303100
In base 9, what is 1 - 47?
-46
In base 4, what is -22011 - 11?
-22022
In base 12, what is -127 - 8?
-133
In base 10, what is 1 + 81?
82
In base 2, what is -1011101100 + -101?
-1011110001
In base 16, what is 3 - 7?
-4
In base 11, what is 10 - -615?
625
In base 15, what is -15c9 + -4?
-15cd
In base 13, what is -20a5 + 6?
-209c
In base 5, what is 104043 - 4?
104034
In base 9, what is 5 - -1758?
1764
In base 6, what is 12221 - 4?
12213
In base 14, what is -1 + 77?
76
In base 11, what is 2a - 8?
22
In base 12, what is baa - -2?
bb0
In base 9, what is 14 + -215?
-201
In base 2, what is 10 - -1001000010?
1001000100
In base 13, what is 5372 + 3?
5375
In base 16, what is -3e - -4?
-3a
In base 3, what is -12 - 1000112?
-1000201
In base 10, what is 113 - -33?
146
In base 6, what is 21 - 10?
11
In base 11, what is 24 + 6?
2a
In base 15, what is -17 - 15?
-2c
In base 12, what is 3 - 47a?
-477
In base 3, what is -210122 - -1?
-210121
In base 11, what is -108 + 193?
86
In base 14, what is 22d + b?
23a
In base 16, what is -34 + 123?
ef
In base 2, what is -1000 - -110110011?
110101011
In base 8, what is -45 - 12?
-57
In base 11, what is -167 + -12?
-179
In base 5, what is 41 - -40?
131
In base 2, what is -100001 + 101?
-11100
In base 13, what is -1386 - 0?
-1386
In base 13, what is 4 + -24a4?
-24a0
In base 15, what is 3 - 39?
-36
In base 3, what is 2 + 1102111?
1102120
In base 5, what is 2 + 41332?
41334
In base 11, what is -2 + 11?
a
In base 7, what is 24442 + 2?
24444
In base 7, what is 113 - 11?
102
In base 3, what is -100 - -1001?
201
In base 3, what is -22 - -100?
1
In base 8, what is 4072 + 1?
4073
In base 2, what is 1011000001 + 11?
1011000100
In base 12, what is -359 - -b?
-34a
In base 6, what is 151323 + -3?
151320
In base 10, what is 0 - 323?
-323